{"id":9309,"date":"2025-02-05T09:03:00","date_gmt":"2025-02-05T08:03:00","guid":{"rendered":"https:\/\/legalden.pl\/?post_type=wydarzenie&#038;p=9309"},"modified":"2025-04-10T10:50:17","modified_gmt":"2025-04-10T08:50:17","slug":"webinar-fundacje-korporacyjne-relacja-fundatora-i-fundacji","status":"publish","type":"wydarzenie","link":"https:\/\/legalden.pl\/en\/wydarzenie\/webinar-fundacje-korporacyjne-relacja-fundatora-i-fundacji\/","title":{"rendered":"Webinar: Fundacje korporacyjne &#8211; relacja fundatora i fundacji"},"content":{"rendered":"<h3 class=\"wp-block-heading\" id=\"h-kiedy\">Kiedy?<\/h3>\n\n\n\n<p>4 kwietnia o godzinie 11:00.<\/p>\n\n\n\n<h3 class=\"wp-block-heading\" id=\"h-kogo-zapraszamy-na-wydarzenie\">Kogo zapraszamy na wydarzenie<\/h3>\n\n\n\n<ul class=\"wp-block-list\">\n<li>osoby koordynuj\u0105ce wsp\u00f3\u0142prac\u0119 z fundatorem w fundacji korporacyjnej oraz osoby koordynuj\u0105ce wsp\u00f3\u0142prac\u0119 z fundacj\u0105 u fundatora<\/li>\n\n\n\n<li>osoby odpowiedzialne za bezpiecze\u0144stwo prawne fundacji korporacyjnych (w tym cz\u0142onkowie i cz\u0142onkinie zarz\u0105d\u00f3w oraz dyrektorzy i i dyrektorki)<\/li>\n\n\n\n<li>pracowniczki i pracownicy fundacji korporacyjnychcyjnej<\/li>\n<\/ul>\n\n\n\n<h3 class=\"wp-block-heading\" id=\"h-\"><\/h3>\n\n\n\n<h3 class=\"wp-block-heading\" id=\"h-dlaczego-warto-wziac-udzial\">Dlaczego warto wzi\u0105\u0107 udzia\u0142 <\/h3>\n\n\n\n<p>W czasie webinaru dowiesz si\u0119 jakie s\u0105 prawne aspekty (czyli co prawnie wolno, a czego nie wolno) relacji fundatora i fundacji korporacyjnej na 3 p\u0142aszczyznach:<\/p>\n\n\n\n<ul class=\"wp-block-list\">\n<li>relacje statutowe i prawne  <\/li>\n\n\n\n<li>relacje w zwi\u0105zku ze wsparciem rzeczowym i organizacyjnym<\/li>\n\n\n\n<li>relacje &#8222;ludzkie&#8221; &#8211; wolontariat pracowniczy, zaanga\u017cowanie pracownik\u00f3w, sprawowanie funkcji w obu podmiotach, pracowanie w fundacji i u fundatora<\/li>\n<\/ul>\n\n\n\n<h3 class=\"wp-block-heading\" id=\"h-mamy-dla-ciebie\">Mamy dla Ciebie<\/h3>\n\n\n\n<ul class=\"wp-block-list\">\n<li>Udzia\u0142 w webinarze na \u017cywo<\/li>\n\n\n\n<li>Mo\u017cliwo\u015b\u0107 zadawania pyta\u0144 w trakcie&nbsp;spotkania<\/li>\n\n\n\n<li>Certyfikat&nbsp;uko\u0144czenia webinaru<\/li>\n<\/ul>\n\n\n\n<p><\/p>\n\n\n\n<p>Wydarzenie poprowadz\u0105: Jacek Olejarz&nbsp;\u2013 za\u0142o\u017cyciel kancerlarii Legalden i  Natalia Kolbus&nbsp;\u2013 Radczyni prawna <\/p>\n\n\n\n<script type=\"text\/javascript\" src=\"https:\/\/embed.clickmeeting.com\/embed_conference.html?r=1720355908886456&#038;w=auto&#038;h=auto\"><\/script>\n\n\n\n<p><\/p>","protected":false},"excerpt":{"rendered":"<p>Kiedy? 4 kwietnia o godzinie 11:00. Kogo zapraszamy na wydarzenie Dlaczego warto wzi\u0105\u0107 udzia\u0142 W czasie webinaru dowiesz si\u0119 jakie s\u0105 prawne aspekty (czyli co prawnie wolno, a czego nie wolno) relacji fundatora i fundacji korporacyjnej na 3 p\u0142aszczyznach: Mamy dla Ciebie Wydarzenie poprowadz\u0105: Jacek Olejarz&nbsp;\u2013 za\u0142o\u017cyciel kancerlarii Legalden i Natalia Kolbus&nbsp;\u2013 Radczyni prawna<\/p>","protected":false},"author":19,"featured_media":0,"parent":0,"menu_order":0,"comment_status":"open","ping_status":"closed","template":"","format":"standard","meta":{"_acf_changed":false,"footnotes":""},"categories":[],"tags":[],"ppma_author":[1378,1320],"class_list":["post-9309","wydarzenie","type-wydarzenie","status-publish","format-standard","hentry"],"acf":[],"_links":{"self":[{"href":"https:\/\/legalden.pl\/en\/wp-json\/wp\/v2\/wydarzenie\/9309","targetHints":{"allow":["GET"]}}],"collection":[{"href":"https:\/\/legalden.pl\/en\/wp-json\/wp\/v2\/wydarzenie"}],"about":[{"href":"https:\/\/legalden.pl\/en\/wp-json\/wp\/v2\/types\/wydarzenie"}],"author":[{"embeddable":true,"href":"https:\/\/legalden.pl\/en\/wp-json\/wp\/v2\/users\/19"}],"replies":[{"embeddable":true,"href":"https:\/\/legalden.pl\/en\/wp-json\/wp\/v2\/comments?post=9309"}],"version-history":[{"count":0,"href":"https:\/\/legalden.pl\/en\/wp-json\/wp\/v2\/wydarzenie\/9309\/revisions"}],"wp:attachment":[{"href":"https:\/\/legalden.pl\/en\/wp-json\/wp\/v2\/media?parent=9309"}],"wp:term":[{"taxonomy":"category","embeddable":true,"href":"https:\/\/legalden.pl\/en\/wp-json\/wp\/v2\/categories?post=9309"},{"taxonomy":"post_tag","embeddable":true,"href":"https:\/\/legalden.pl\/en\/wp-json\/wp\/v2\/tags?post=9309"},{"taxonomy":"author","embeddable":true,"href":"https:\/\/legalden.pl\/en\/wp-json\/wp\/v2\/ppma_author?post=9309"}],"curies":[{"name":"wp","href":"https:\/\/api.w.org\/{rel}","templated":true}]}}

<h3 class="wp-block-heading" id="h-kiedy">Kiedy?</h3>



<p>4 kwietnia o godzinie 11:00.</p>



<h3 class="wp-block-heading" id="h-kogo-zapraszamy-na-wydarzenie">Kogo zapraszamy na wydarzenie</h3>



<ul class="wp-block-list">
<li>osoby koordynujące współpracę z fundatorem w fundacji korporacyjnej oraz osoby koordynujące współpracę z fundacją u fundatora</li>



<li>osoby odpowiedzialne za bezpieczeństwo prawne fundacji korporacyjnych (w tym członkowie i członkinie zarządów oraz dyrektorzy i i dyrektorki)</li>



<li>pracowniczki i pracownicy fundacji korporacyjnychcyjnej</li>
</ul>



<h3 class="wp-block-heading" id="h-"></h3>



<h3 class="wp-block-heading" id="h-dlaczego-warto-wziac-udzial">Dlaczego warto wziąć udział </h3>



<p>W czasie webinaru dowiesz się jakie są prawne aspekty (czyli co prawnie wolno, a czego nie wolno) relacji fundatora i fundacji korporacyjnej na 3 płaszczyznach:</p>



<ul class="wp-block-list">
<li>relacje statutowe i prawne  </li>



<li>relacje w związku ze wsparciem rzeczowym i organizacyjnym</li>



<li>relacje &#8222;ludzkie&#8221; &#8211; wolontariat pracowniczy, zaangażowanie pracowników, sprawowanie funkcji w obu podmiotach, pracowanie w fundacji i u fundatora</li>
</ul>



<h3 class="wp-block-heading" id="h-mamy-dla-ciebie">Mamy dla Ciebie</h3>



<ul class="wp-block-list">
<li>Udział w webinarze na żywo</li>



<li>Możliwość zadawania pytań w trakcie&nbsp;spotkania</li>



<li>Certyfikat&nbsp;ukończenia webinaru</li>
</ul>



<p></p>



<p>Wydarzenie poprowadzą: Jacek Olejarz&nbsp;– założyciel kancerlarii Legalden i  Natalia Kolbus&nbsp;– Radczyni prawna </p>



<script type="text/javascript" src="https://embed.clickmeeting.com/embed_conference.html?r=1720355908886456&#038;w=auto&#038;h=auto"></script>



<p></p>

<p>Kiedy? 4 kwietnia o godzinie 11:00. Kogo zapraszamy na wydarzenie Dlaczego warto wziąć udział W czasie webinaru dowiesz się jakie są prawne aspekty (czyli co prawnie wolno, a czego nie wolno) relacji fundatora i fundacji korporacyjnej na 3 płaszczyznach: Mamy dla Ciebie Wydarzenie poprowadzą: Jacek Olejarz&nbsp;– założyciel kancerlarii Legalden i Natalia Kolbus&nbsp;– Radczyni prawna</p>
